{"id":117,"date":"2022-11-08T12:25:51","date_gmt":"2022-11-08T09:25:51","guid":{"rendered":"http:\/\/www.bahadiryilmaz.com.tr\/?page_id=117"},"modified":"2022-11-08T13:01:07","modified_gmt":"2022-11-08T10:01:07","slug":"anasayfa","status":"publish","type":"page","link":"http:\/\/www.bahadiryilmaz.com.tr\/","title":{"rendered":"Anasayfa"},"content":{"rendered":"\n\n\n<div class=\"alignnormal\"><div id=\"metaslider-id-4\" style=\"max-width: 700px;\" class=\"ml-slider-3-27-13 metaslider metaslider-flex metaslider-4 ml-slider\">\n    <div id=\"metaslider_container_4\">\n        <div id=\"metaslider_4\" class=\"flexslider\">\n            <ul aria-live=\"polite\" class=\"slides\">\n                <li style=\"display: block; width: 100%;\" class=\"slide-109 ms-image\"><a href=\"http:\/\/www.bahadiryilmaz.com.tr\/index.php\/2020\/11\/09\/komatsu-2020de-hem-satis-hem-de-hizmette-citayi-yukseltti\/\" target=\"_blank\"><img src=\"http:\/\/www.bahadiryilmaz.com.tr\/wp-content\/uploads\/2020\/11\/1603795582_Komatsu_gorsel_2-6xbb4kpsc7raula48mwue691nuj80xxxmx8x62p7mlg-700x300.jpg\" height=\"300\" width=\"700\" alt=\"\" class=\"slider-4 slide-109\" \/><\/a><div class=\"caption-wrap\"><div class=\"caption\">komatsusatis<\/div><\/div><\/li>\n                <li style=\"display: none; width: 100%;\" class=\"slide-98 ms-image\"><a href=\"http:\/\/www.bahadiryilmaz.com.tr\/index.php\/2017\/02\/28\/temsa-is-makinalari-volvo-kamyon-guclerini-birlestirdi\/\" target=\"_blank\"><img src=\"http:\/\/www.bahadiryilmaz.com.tr\/wp-content\/uploads\/2017\/02\/1-640x274.jpg\" height=\"300\" width=\"700\" alt=\"\" class=\"slider-4 slide-98\" title=\"Temsa \u0130\u015f Makinalar\u0131 Volvo Kamyon\" \/><\/a><\/li>\n                <li style=\"display: none; width: 100%;\" class=\"slide-89 ms-image\"><a href=\"http:\/\/www.bahadiryilmaz.com.tr\/index.php\/2016\/04\/09\/terex-finlay-mobil-kiricilar-musterilere-tanitildi\/\" target=\"_blank\"><img src=\"http:\/\/www.bahadiryilmaz.com.tr\/wp-content\/uploads\/2016\/04\/1-640x274.jpg\" height=\"300\" width=\"700\" alt=\"\" class=\"slider-4 slide-89\" \/><\/a><\/li>\n                <li style=\"display: none; width: 100%;\" class=\"slide-67 ms-image\"><a href=\"http:\/\/www.bahadiryilmaz.com.tr\/index.php\/2016\/03\/17\/kuresel-is-makineleri-sektoru-2015i-nasil-tamamladi\/\" target=\"_blank\"><img src=\"http:\/\/www.bahadiryilmaz.com.tr\/wp-content\/uploads\/2016\/03\/PC8000-6-700x300.jpg\" height=\"300\" width=\"700\" alt=\"\" class=\"slider-4 slide-67\" title=\"i\u015f makineleri sekt\u00f6r\u00fc\" \/><\/a><\/li>\n                <li style=\"display: none; width: 100%;\" class=\"slide-59 ms-image\"><a href=\"http:\/\/www.bahadiryilmaz.com.tr\/index.php\/2015\/11\/23\/finans-uzmanlari-2016dan-ne-bekliyor\/\" target=\"_blank\"><img src=\"http:\/\/www.bahadiryilmaz.com.tr\/wp-content\/uploads\/2015\/11\/finans-uzmanlari-2016dan-ne-bekliyor-84682-20112015164544-660x282.jpg\" height=\"300\" width=\"700\" alt=\"\" class=\"slider-4 slide-59\" \/><\/a><\/li>\n                <li style=\"display: none; width: 100%;\" class=\"slide-46 ms-image\"><a href=\"http:\/\/www.bahadiryilmaz.com.tr\/index.php\/2015\/11\/12\/bauma-2016-fuarina-katilmak-icin-700-firma-sirada-bekliyor\/\" target=\"_blank\"><img src=\"http:\/\/www.bahadiryilmaz.com.tr\/wp-content\/uploads\/2015\/11\/61911976-d62a-44fa-9331-a5d10396fa24-478x204.png\" height=\"300\" width=\"700\" alt=\"\" class=\"slider-4 slide-46\" \/><\/a><\/li>\n                <li style=\"display: none; width: 100%;\" class=\"slide-38 ms-image\"><a href=\"http:\/\/www.bahadiryilmaz.com.tr\/index.php\/2015\/11\/07\/sabancidan-17-milyar-tl-kar\/\" target=\"_blank\"><img src=\"http:\/\/www.bahadiryilmaz.com.tr\/wp-content\/uploads\/2015\/11\/sabancidan-17-milyar-tl-kar-17278-6112015082254-660x282.jpg\" height=\"300\" width=\"700\" alt=\"\" class=\"slider-4 slide-38\" title=\"Sabanc\u0131 Holding net kar\" \/><\/a><\/li>\n            <\/ul>\n        <\/div>\n        \n    <\/div>\n<\/div><\/div>\n","protected":false},"excerpt":{"rendered":"","protected":false},"author":1,"featured_media":0,"parent":0,"menu_order":0,"comment_status":"closed","ping_status":"closed","template":"","meta":{"_links_to":"","_links_to_target":""},"yoast_head":"<!-- This site is optimized with the Yoast SEO plugin v19.9 - https:\/\/yoast.com\/wordpress\/plugins\/seo\/ -->\n<title>Anasayfa - Bahad\u0131r Y\u0131lmaz | Ki\u015fisel &#039;90<\/title>\n<meta name=\"robots\" content=\"index, follow, max-snippet:-1, max-image-preview:large, max-video-preview:-1\" \/>\n<link rel=\"canonical\" href=\"http:\/\/www.bahadiryilmaz.com.tr\/\" \/>\n<meta property=\"og:locale\" content=\"tr_TR\" \/>\n<meta property=\"og:type\" content=\"article\" \/>\n<meta property=\"og:title\" content=\"Anasayfa - Bahad\u0131r Y\u0131lmaz | Ki\u015fisel &#039;90\" \/>\n<meta property=\"og:url\" content=\"http:\/\/www.bahadiryilmaz.com.tr\/\" \/>\n<meta property=\"og:site_name\" content=\"Bahad\u0131r Y\u0131lmaz | Ki\u015fisel &#039;90\" \/>\n<meta property=\"article:modified_time\" content=\"2022-11-08T10:01:07+00:00\" \/>\n<meta name=\"twitter:card\" content=\"summary_large_image\" \/>\n<meta name=\"twitter:label1\" content=\"Tahmini okuma s\u00fcresi\" \/>\n\t<meta name=\"twitter:data1\" content=\"1 dakika\" \/>\n<script type=\"application\/ld+json\" class=\"yoast-schema-graph\">{\"@context\":\"https:\/\/schema.org\",\"@graph\":[{\"@type\":\"WebPage\",\"@id\":\"http:\/\/www.bahadiryilmaz.com.tr\/\",\"url\":\"http:\/\/www.bahadiryilmaz.com.tr\/\",\"name\":\"Anasayfa - Bahad\u0131r Y\u0131lmaz | Ki\u015fisel &#039;90\",\"isPartOf\":{\"@id\":\"http:\/\/www.bahadiryilmaz.com.tr\/#website\"},\"datePublished\":\"2022-11-08T09:25:51+00:00\",\"dateModified\":\"2022-11-08T10:01:07+00:00\",\"breadcrumb\":{\"@id\":\"http:\/\/www.bahadiryilmaz.com.tr\/#breadcrumb\"},\"inLanguage\":\"tr\",\"potentialAction\":[{\"@type\":\"ReadAction\",\"target\":[\"http:\/\/www.bahadiryilmaz.com.tr\/\"]}]},{\"@type\":\"BreadcrumbList\",\"@id\":\"http:\/\/www.bahadiryilmaz.com.tr\/#breadcrumb\",\"itemListElement\":[{\"@type\":\"ListItem\",\"position\":1,\"name\":\"Ana sayfa\",\"item\":\"http:\/\/www.bahadiryilmaz.com.tr\/\"},{\"@type\":\"ListItem\",\"position\":2,\"name\":\"Anasayfa\"}]},{\"@type\":\"WebSite\",\"@id\":\"http:\/\/www.bahadiryilmaz.com.tr\/#website\",\"url\":\"http:\/\/www.bahadiryilmaz.com.tr\/\",\"name\":\"Bahad\u0131r Y\u0131lmaz | Ki\u015fisel &#039;90\",\"description\":\"Makine M\u00fchendisi \/ YT\u00dc &#039;13\",\"potentialAction\":[{\"@type\":\"SearchAction\",\"target\":{\"@type\":\"EntryPoint\",\"urlTemplate\":\"http:\/\/www.bahadiryilmaz.com.tr\/?s={search_term_string}\"},\"query-input\":\"required name=search_term_string\"}],\"inLanguage\":\"tr\"}]}<\/script>\n<!-- \/ Yoast SEO plugin. -->","yoast_head_json":{"title":"Anasayfa - Bahad\u0131r Y\u0131lmaz | Ki\u015fisel &#039;90","robots":{"index":"index","follow":"follow","max-snippet":"max-snippet:-1","max-image-preview":"max-image-preview:large","max-video-preview":"max-video-preview:-1"},"canonical":"http:\/\/www.bahadiryilmaz.com.tr\/","og_locale":"tr_TR","og_type":"article","og_title":"Anasayfa - Bahad\u0131r Y\u0131lmaz | Ki\u015fisel &#039;90","og_url":"http:\/\/www.bahadiryilmaz.com.tr\/","og_site_name":"Bahad\u0131r Y\u0131lmaz | Ki\u015fisel &#039;90","article_modified_time":"2022-11-08T10:01:07+00:00","twitter_card":"summary_large_image","twitter_misc":{"Tahmini okuma s\u00fcresi":"1 dakika"},"schema":{"@context":"https:\/\/schema.org","@graph":[{"@type":"WebPage","@id":"http:\/\/www.bahadiryilmaz.com.tr\/","url":"http:\/\/www.bahadiryilmaz.com.tr\/","name":"Anasayfa - Bahad\u0131r Y\u0131lmaz | Ki\u015fisel &#039;90","isPartOf":{"@id":"http:\/\/www.bahadiryilmaz.com.tr\/#website"},"datePublished":"2022-11-08T09:25:51+00:00","dateModified":"2022-11-08T10:01:07+00:00","breadcrumb":{"@id":"http:\/\/www.bahadiryilmaz.com.tr\/#breadcrumb"},"inLanguage":"tr","potentialAction":[{"@type":"ReadAction","target":["http:\/\/www.bahadiryilmaz.com.tr\/"]}]},{"@type":"BreadcrumbList","@id":"http:\/\/www.bahadiryilmaz.com.tr\/#breadcrumb","itemListElement":[{"@type":"ListItem","position":1,"name":"Ana sayfa","item":"http:\/\/www.bahadiryilmaz.com.tr\/"},{"@type":"ListItem","position":2,"name":"Anasayfa"}]},{"@type":"WebSite","@id":"http:\/\/www.bahadiryilmaz.com.tr\/#website","url":"http:\/\/www.bahadiryilmaz.com.tr\/","name":"Bahad\u0131r Y\u0131lmaz | Ki\u015fisel &#039;90","description":"Makine M\u00fchendisi \/ YT\u00dc &#039;13","potentialAction":[{"@type":"SearchAction","target":{"@type":"EntryPoint","urlTemplate":"http:\/\/www.bahadiryilmaz.com.tr\/?s={search_term_string}"},"query-input":"required name=search_term_string"}],"inLanguage":"tr"}]}},"_links":{"self":[{"href":"http:\/\/www.bahadiryilmaz.com.tr\/index.php\/wp-json\/wp\/v2\/pages\/117"}],"collection":[{"href":"http:\/\/www.bahadiryilmaz.com.tr\/index.php\/wp-json\/wp\/v2\/pages"}],"about":[{"href":"http:\/\/www.bahadiryilmaz.com.tr\/index.php\/wp-json\/wp\/v2\/types\/page"}],"author":[{"embeddable":true,"href":"http:\/\/www.bahadiryilmaz.com.tr\/index.php\/wp-json\/wp\/v2\/users\/1"}],"replies":[{"embeddable":true,"href":"http:\/\/www.bahadiryilmaz.com.tr\/index.php\/wp-json\/wp\/v2\/comments?post=117"}],"version-history":[{"count":11,"href":"http:\/\/www.bahadiryilmaz.com.tr\/index.php\/wp-json\/wp\/v2\/pages\/117\/revisions"}],"predecessor-version":[{"id":130,"href":"http:\/\/www.bahadiryilmaz.com.tr\/index.php\/wp-json\/wp\/v2\/pages\/117\/revisions\/130"}],"wp:attachment":[{"href":"http:\/\/www.bahadiryilmaz.com.tr\/index.php\/wp-json\/wp\/v2\/media?parent=117"}],"curies":[{"name":"wp","href":"https:\/\/api.w.org\/{rel}","templated":true}]}}