{"id":12,"date":"2015-11-05T09:45:59","date_gmt":"2015-11-05T07:45:59","guid":{"rendered":"http:\/\/bahadiryilmaz.com.tr\/?page_id=12"},"modified":"2020-11-09T16:42:08","modified_gmt":"2020-11-09T14:42:08","slug":"hakkimda","status":"publish","type":"page","link":"http:\/\/www.bahadiryilmaz.com.tr\/index.php\/hakkimda\/","title":{"rendered":"Hakk\u0131mda"},"content":{"rendered":"<p><strong>Yar\u0131\u015fmac\u0131<\/strong>\u00a0 \u00a0 \u00a0 \u00a0 \u00a0 \u00a0 \u00a0 \u00a0 \u00a0 \u00a0: Bahad\u0131r Y\u0131lmaz<br \/>\n<strong>Meslek<\/strong>\u00a0 \u00a0 \u00a0 \u00a0 \u00a0 \u00a0 \u00a0 \u00a0 \u00a0 \u00a0 \u00a0 \u00a0 \u00a0: Makine M\u00fchendisi<br \/>\n<strong>Kat\u0131l\u0131m Tarihi<\/strong>\u00a0 \u00a0 \u00a0 \u00a0 \u00a0 \u00a0: 28 Eyl\u00fcl 1990<br \/>\n<strong>Ba\u015flang\u0131\u00e7 Noktas\u0131\u00a0<\/strong> : Konak, \u0130zmir<br \/>\n<strong>\u00dcniversite\u00a0 \u00a0\u00a0<\/strong>\u00a0 \u00a0 \u00a0 \u00a0 \u00a0 \u00a0 \u00a0 : Y\u0131ld\u0131z Teknik \u00dcniversitesi<br \/>\n<strong>\u015eirket \u00a0 \u00a0 \u00a0 \u00a0 \u00a0 \u00a0 \u00a0 \u00a0<\/strong>\u00a0 \u00a0 \u00a0 \u00a0 \u00a0 \u00a0: Be\u015fler \u0130\u015f Makinalar\u0131 &#8211; Antalya<\/p>\n<p><center><iframe loading=\"lazy\" style=\"border: 0;\" src=\"https:\/\/www.google.com\/maps\/embed?pb=!1m18!1m12!1m3!1d3189.2324368433206!2d30.64945675642124!3d36.932612523833555!2m3!1f0!2f0!3f0!3m2!1i1024!2i768!4f13.1!3m3!1m2!1s0x14c38e44492b88fb%3A0xe2106e0b98cb3c81!2zQmXFn2xlciDEsMWfIE1ha2luYWxhcsSx!5e0!3m2!1str!2str!4v1447853265969\" width=\"600\" height=\"450\" frameborder=\"0\" allowfullscreen=\"allowfullscreen\"><\/iframe><\/center><br \/>\nKalbimin durdu\u011fu ana kadar&#8230;<br \/>\n<em><strong>Galatasaray!<\/strong><\/em><\/p>\n","protected":false},"excerpt":{"rendered":"<p>Yar\u0131\u015fmac\u0131\u00a0 \u00a0 \u00a0 \u00a0 \u00a0 \u00a0 \u00a0 \u00a0 \u00a0 \u00a0: Bahad\u0131r Y\u0131lmaz Meslek\u00a0 \u00a0 \u00a0 \u00a0 \u00a0 \u00a0 \u00a0 \u00a0 \u00a0 \u00a0 \u00a0 \u00a0 \u00a0: Makine M\u00fchendisi Kat\u0131l\u0131m Tarihi\u00a0 \u00a0 \u00a0 \u00a0 \u00a0 \u00a0: 28 Eyl\u00fcl 1990 Ba\u015flang\u0131\u00e7 Noktas\u0131\u00a0 : Konak, \u0130zmir \u00dcniversite\u00a0 \u00a0\u00a0\u00a0 \u00a0 \u00a0 \u00a0 \u00a0 \u00a0 \u00a0 : Y\u0131ld\u0131z Teknik \u00dcniversitesi \u015eirket &hellip; <a href=\"http:\/\/www.bahadiryilmaz.com.tr\/index.php\/hakkimda\/\" class=\"more-link\"><span class=\"screen-reader-text\">Hakk\u0131mda<\/span> yaz\u0131s\u0131na devam et <span class=\"meta-nav\">&rarr;<\/span><\/a><\/p>\n","protected":false},"author":1,"featured_media":0,"parent":0,"menu_order":0,"comment_status":"closed","ping_status":"closed","template":"","meta":{"_links_to":"","_links_to_target":""},"yoast_head":"<!-- This site is optimized with the Yoast SEO plugin v19.9 - https:\/\/yoast.com\/wordpress\/plugins\/seo\/ -->\n<title>Hakk\u0131mda - Bahad\u0131r Y\u0131lmaz | Ki\u015fisel &#039;90<\/title>\n<meta name=\"description\" content=\"Bahad\u0131r Y\u0131lmaz kimdir? \u00d6zet bilgidir...\" \/>\n<meta name=\"robots\" content=\"index, follow, max-snippet:-1, max-image-preview:large, max-video-preview:-1\" \/>\n<link rel=\"canonical\" href=\"http:\/\/www.bahadiryilmaz.com.tr\/index.php\/hakkimda\/\" \/>\n<meta property=\"og:locale\" content=\"tr_TR\" \/>\n<meta property=\"og:type\" content=\"article\" \/>\n<meta property=\"og:title\" content=\"Hakk\u0131mda - Bahad\u0131r Y\u0131lmaz | Ki\u015fisel &#039;90\" \/>\n<meta property=\"og:description\" content=\"Bahad\u0131r Y\u0131lmaz kimdir? \u00d6zet bilgidir...\" \/>\n<meta property=\"og:url\" content=\"http:\/\/www.bahadiryilmaz.com.tr\/index.php\/hakkimda\/\" \/>\n<meta property=\"og:site_name\" content=\"Bahad\u0131r Y\u0131lmaz | Ki\u015fisel &#039;90\" \/>\n<meta property=\"article:modified_time\" content=\"2020-11-09T14:42:08+00:00\" \/>\n<meta name=\"twitter:card\" content=\"summary_large_image\" \/>\n<script type=\"application\/ld+json\" class=\"yoast-schema-graph\">{\"@context\":\"https:\/\/schema.org\",\"@graph\":[{\"@type\":\"WebPage\",\"@id\":\"http:\/\/www.bahadiryilmaz.com.tr\/index.php\/hakkimda\/\",\"url\":\"http:\/\/www.bahadiryilmaz.com.tr\/index.php\/hakkimda\/\",\"name\":\"Hakk\u0131mda - Bahad\u0131r Y\u0131lmaz | Ki\u015fisel &#039;90\",\"isPartOf\":{\"@id\":\"http:\/\/www.bahadiryilmaz.com.tr\/#website\"},\"datePublished\":\"2015-11-05T07:45:59+00:00\",\"dateModified\":\"2020-11-09T14:42:08+00:00\",\"description\":\"Bahad\u0131r Y\u0131lmaz kimdir? \u00d6zet bilgidir...\",\"breadcrumb\":{\"@id\":\"http:\/\/www.bahadiryilmaz.com.tr\/index.php\/hakkimda\/#breadcrumb\"},\"inLanguage\":\"tr\",\"potentialAction\":[{\"@type\":\"ReadAction\",\"target\":[\"http:\/\/www.bahadiryilmaz.com.tr\/index.php\/hakkimda\/\"]}]},{\"@type\":\"BreadcrumbList\",\"@id\":\"http:\/\/www.bahadiryilmaz.com.tr\/index.php\/hakkimda\/#breadcrumb\",\"itemListElement\":[{\"@type\":\"ListItem\",\"position\":1,\"name\":\"Ana sayfa\",\"item\":\"http:\/\/www.bahadiryilmaz.com.tr\/\"},{\"@type\":\"ListItem\",\"position\":2,\"name\":\"Hakk\u0131mda\"}]},{\"@type\":\"WebSite\",\"@id\":\"http:\/\/www.bahadiryilmaz.com.tr\/#website\",\"url\":\"http:\/\/www.bahadiryilmaz.com.tr\/\",\"name\":\"Bahad\u0131r Y\u0131lmaz | Ki\u015fisel &#039;90\",\"description\":\"Makine M\u00fchendisi \/ YT\u00dc &#039;13\",\"potentialAction\":[{\"@type\":\"SearchAction\",\"target\":{\"@type\":\"EntryPoint\",\"urlTemplate\":\"http:\/\/www.bahadiryilmaz.com.tr\/?s={search_term_string}\"},\"query-input\":\"required name=search_term_string\"}],\"inLanguage\":\"tr\"}]}<\/script>\n<!-- \/ Yoast SEO plugin. -->","yoast_head_json":{"title":"Hakk\u0131mda - Bahad\u0131r Y\u0131lmaz | Ki\u015fisel &#039;90","description":"Bahad\u0131r Y\u0131lmaz kimdir? \u00d6zet bilgidir...","robots":{"index":"index","follow":"follow","max-snippet":"max-snippet:-1","max-image-preview":"max-image-preview:large","max-video-preview":"max-video-preview:-1"},"canonical":"http:\/\/www.bahadiryilmaz.com.tr\/index.php\/hakkimda\/","og_locale":"tr_TR","og_type":"article","og_title":"Hakk\u0131mda - Bahad\u0131r Y\u0131lmaz | Ki\u015fisel &#039;90","og_description":"Bahad\u0131r Y\u0131lmaz kimdir? \u00d6zet bilgidir...","og_url":"http:\/\/www.bahadiryilmaz.com.tr\/index.php\/hakkimda\/","og_site_name":"Bahad\u0131r Y\u0131lmaz | Ki\u015fisel &#039;90","article_modified_time":"2020-11-09T14:42:08+00:00","twitter_card":"summary_large_image","schema":{"@context":"https:\/\/schema.org","@graph":[{"@type":"WebPage","@id":"http:\/\/www.bahadiryilmaz.com.tr\/index.php\/hakkimda\/","url":"http:\/\/www.bahadiryilmaz.com.tr\/index.php\/hakkimda\/","name":"Hakk\u0131mda - Bahad\u0131r Y\u0131lmaz | Ki\u015fisel &#039;90","isPartOf":{"@id":"http:\/\/www.bahadiryilmaz.com.tr\/#website"},"datePublished":"2015-11-05T07:45:59+00:00","dateModified":"2020-11-09T14:42:08+00:00","description":"Bahad\u0131r Y\u0131lmaz kimdir? \u00d6zet bilgidir...","breadcrumb":{"@id":"http:\/\/www.bahadiryilmaz.com.tr\/index.php\/hakkimda\/#breadcrumb"},"inLanguage":"tr","potentialAction":[{"@type":"ReadAction","target":["http:\/\/www.bahadiryilmaz.com.tr\/index.php\/hakkimda\/"]}]},{"@type":"BreadcrumbList","@id":"http:\/\/www.bahadiryilmaz.com.tr\/index.php\/hakkimda\/#breadcrumb","itemListElement":[{"@type":"ListItem","position":1,"name":"Ana sayfa","item":"http:\/\/www.bahadiryilmaz.com.tr\/"},{"@type":"ListItem","position":2,"name":"Hakk\u0131mda"}]},{"@type":"WebSite","@id":"http:\/\/www.bahadiryilmaz.com.tr\/#website","url":"http:\/\/www.bahadiryilmaz.com.tr\/","name":"Bahad\u0131r Y\u0131lmaz | Ki\u015fisel &#039;90","description":"Makine M\u00fchendisi \/ YT\u00dc &#039;13","potentialAction":[{"@type":"SearchAction","target":{"@type":"EntryPoint","urlTemplate":"http:\/\/www.bahadiryilmaz.com.tr\/?s={search_term_string}"},"query-input":"required name=search_term_string"}],"inLanguage":"tr"}]}},"_links":{"self":[{"href":"http:\/\/www.bahadiryilmaz.com.tr\/index.php\/wp-json\/wp\/v2\/pages\/12"}],"collection":[{"href":"http:\/\/www.bahadiryilmaz.com.tr\/index.php\/wp-json\/wp\/v2\/pages"}],"about":[{"href":"http:\/\/www.bahadiryilmaz.com.tr\/index.php\/wp-json\/wp\/v2\/types\/page"}],"author":[{"embeddable":true,"href":"http:\/\/www.bahadiryilmaz.com.tr\/index.php\/wp-json\/wp\/v2\/users\/1"}],"replies":[{"embeddable":true,"href":"http:\/\/www.bahadiryilmaz.com.tr\/index.php\/wp-json\/wp\/v2\/comments?post=12"}],"version-history":[{"count":12,"href":"http:\/\/www.bahadiryilmaz.com.tr\/index.php\/wp-json\/wp\/v2\/pages\/12\/revisions"}],"predecessor-version":[{"id":110,"href":"http:\/\/www.bahadiryilmaz.com.tr\/index.php\/wp-json\/wp\/v2\/pages\/12\/revisions\/110"}],"wp:attachment":[{"href":"http:\/\/www.bahadiryilmaz.com.tr\/index.php\/wp-json\/wp\/v2\/media?parent=12"}],"curies":[{"name":"wp","href":"https:\/\/api.w.org\/{rel}","templated":true}]}}